-5*i = -10. What is the tens digit of j?
4
Let d(w) = -5*w - 2. Let f(z) = z - 1. Let h(l) = -d(l) - 4*f(l). Let u be h(-4). Suppose -u*t + 20 = -t. What is the units digit of t?
0
Let y be (-2)/(-3)*-3 + 6. Suppose -5*q = -y*q - 42. What is the units digit of -2 + 1/(3/q)?
2
Suppose -3*l - 3 - 1 = -2*k, 5*l + 5*k = -40. Let g be (-3 - 1623/(-33)) + (-4)/22. Let t = g + l. What is the units digit of t?
2
Let u = 1 - -4. Suppose -y + 44 = -u. What is the units digit of y?
9
Suppose -3*x + t = 2*t - 10, 2*t = -4*x + 16. Suppose v - 403 = -5*y + 407, -x*y + 306 = 4*v. What is the hundreds digit of y?
1
Suppose -4*u + 6 = -w - 16, w + 2 = 0. Suppose 0 = 2*p + p + u*i - 221, -2*p = -4*i - 162. What is the tens digit of p?
7
Let w be -20*(-11)/(275/210). Suppose 3*i + 399 = -5*x - 0*i, 2*x = -4*i - w. What is the units digit of (-1027)/x - 2/12?
3
Let j(t) = t**2 + 8*t + 5. Let f be j(-7). What is the units digit of f/(-19) + 7168/133?
4
Let t = -79 - -97. Let m = t + 61. What is the tens digit of m?
7
Suppose -3*s - 3074 = 5*g - 18931, 0 = -5*g - 2*s + 15858. What is the tens digit of g?
7
Let s = 97 - 68. Let z = -3 + s. What is the units digit of z?
6
Suppose -473*b = -462*b - 52514. What is the hundreds digit of b?
7
Let r = 8852 + -3516. What is the thousands digit of r?
5
Suppose -8*s = -4*s, 0 = -5*v + 5*s + 1580. What is the tens digit of v?
1
Suppose g - 6831 = -4*p, 0 = -p - 3*g - 249 + 1965. What is the thousands digit of p?
1
Let u = 722 - 310. What is the tens digit of u?
1
Let h = -4289 + 6335. What is the units digit of h?
6
What is the tens digit of 1/(-4) + 1407/12?
1
Let g be (1*(0 + -1 - 6))/(-1). Let b = 46 - g. What is the units digit of b?
9
Let z be (4/10)/(36/270). Suppose -z*w + 545 = 5*d, 2*w + 3*d - 329 = 34. Suppose -4*f = -0*f - w. What is the tens digit of f?
4
Let t(w) = w - 9. Suppose 0 = s - 5 - 4. Let m be t(s). Suppose m = x - 8 + 1. What is the units digit of x?
7
Let t(v) = v**2 + 20*v - 44. Let x be t(-22). Let l(j) = j**3 - 7*j**2 + 5*j + 8. Let b be l(6). Suppose x = b*h - 0*h - 30. What is the tens digit of h?
1
Let y(t) = 3*t**2 + 153*t - 9*t**2 + t**3 - 1 - 152*t. Let k be y(6). Suppose -5*i + k*z + 20 = 0, 0 = -0*i + 4*i - z - 7. What is the units digit of i?
1
Let v(t) = t**2 + t + 16. Let f be v(0). Let s = f + -12. Suppose 0 = s*h - 8*h + 68. What is the units digit of h?
7
Let a be ((-21)/(-14))/((-3)/8). Let w(o) = 0*o - 3*o + o**2 - 246 + 240. What is the units digit of w(a)?
2
Let d be ((-8)/(-6))/(4/540). Suppose -3*j = -3*h + 18, 2*j = 5*h - 3 - 21. What is the units digit of d/16 + (-1)/h?
1
Let p = -1 - -5. Let t be (36/(-10))/(p/(-10)). What is the tens digit of 1085/63 - 2/t?
1
Let m be (1 - 6) + (-1 - 1). Let d = m - -11. Suppose 4*x + 5*a = 44, 5*x - 18 = d*a - 4. What is the units digit of x?
6
Suppose -13*u = -9*u. What is the units digit of 3 - (0 + u) - 0?
3
Suppose 0 = -2*u + 4, -6*q + 44 = -q + 2*u. Let k be 13/(-4) + 2/8. Let s = q + k. What is the units digit of s?
5
Let a(d) = -d**3 - 26*d**2 - 70*d + 21. Let o be a(-21). Let r = o - -1049. What is the hundreds digit of r?
3
Let z(h) = -5*h + 27. Let j be z(5). What is the units digit of -706*6/(-60) - j/(-5)?
1
Suppose v + 16 = 4*u - 4*v, 16 = 4*u - 4*v. Suppose 0 = -u*w + 72 + 80. What is the tens digit of w?
3
Let v be (6/27)/((-3)/(-27)). Suppose 5*j - 103 = 2*s, 5*j = -v*s - 2*s + 79. What is the units digit of j?
9
Suppose k - 4 = 0, -3*s + 16 = s - k. Let m be (-2)/(-9) + 176/108*6. Let l = s + m. What is the units digit of l?
5
Let q be (1/(-2))/(3/456). Let f = 169 + q. What is the tens digit of f?
9
Suppose 4*g - 4*o - 44 = 0, g - 4*o - 55 = -4*g. What is the units digit of g*((-10)/(-5) + -1)?
1
Let z(a) = 34*a + 8. Suppose -3*s - 1 = 2, 4 = 4*i + 4*s. What is the units digit of z(i)?
6
Let j = 51 + 34. Let q = 89 - j. What is the units digit of q?
4
Let a be (2 + 1)/(10 + -9). Suppose -a*v + 37 = -296. What is the units digit of v?
1
What is the tens digit of 3002/57 + 3/9?
5
Suppose 0 = z + 4 - 18. Suppose -t + 177 = -3*u, -z*t = -9*t + 3*u - 975. What is the hundreds digit of t?
1
Suppose 713 = 43*g - 42*g + 5*k, 5*k = -4*g + 2912. What is the hundreds digit of g?
7
Let x(j) = -j + 19. Let n be x(13). Suppose 85 = -n*q + 229. Suppose -q = -5*g + 96. What is the tens digit of g?
2
Let k(r) = -r**3 + 9*r**2 - 11*r + 9. Let n be k(8). What is the units digit of n/(-18)*-3*-20?
0
Let m = -5 + 7. Suppose m*k - 196 = -2*k - 4*h, -k - 5*h + 41 = 0. Suppose 3*p - n = 2*n + k, 5*n = -3*p + 11. What is the tens digit of p?
1
Let f(u) be the first derivative of u**2 - 10*u + 3. Let m be f(9). Let o = 44 - m. What is the units digit of o?
6
Let k(i) = 3*i**2 - 4*i - 10. What is the units digit of k(-4)?
4
Let a(s) = -s**3 - 6*s**2 - 5*s + 11. Let r be a(-5). Suppose r*g - 2*g - 315 = 0. What is the units digit of g?
5
Let o be (-3924)/(-15) - (2 - 21/15). Let k = o + -124. What is the hundreds digit of k?
1
Let s = 53 + -48. Suppose -s*g + 662 = -78. What is the hundreds digit of g?
1
What is the thousands digit of (-6 - 2974/(-10))*15?
4
Let c(b) = 82*b - 12. What is the tens digit of c(3)?
3
Suppose r + 1 = -1. Let l be -4 + (-9)/(r + -1). Let y = 4 + l. What is the units digit of y?
3
Suppose -716 = 5*i + q, i + 2*i = 5*q - 452. Let b be (0 - -1)*i/(-6). Suppose -j = 4*z - 42, b = 3*z + 3*j - 3. What is the units digit of z?
1
Let l(x) be the third derivative of 1/12*x**4 + 11*x**2 + 0*x + 0*x**3 + 0. What is the units digit of l(5)?
0
Let q = -2395 - -4537. What is the units digit of q?
2
Let n be (0 - (0 - 19))*1. Suppose -n = -4*r - 2*w + w, 3*r - 15 = -w. Suppose 2*o - r*m = 38, 0 = 2*o + m - 6*m - 40. What is the units digit of o?
5
Suppose -l - 5*d = 210 - 538, 0 = -3*l - 5*d + 934. What is the units digit of l?
3
Suppose -31*a - 33*a = -124800. What is the hundreds digit of a?
9
What is the hundreds digit of ((-16)/4 + (-21)/4)*-44?
4
Suppose l + 4*l - 2038 = 3*y, 3*l - 1234 = -y. What is the hundreds digit of l?
4
Let i(s) = -s + 25. Let c be i(17). Suppose c = -4*m, 2*f - 6*m = -m + 54. What is the units digit of f?
2
Suppose -3*w - 1338 = -2*g, 3*w = 4*g - g - 2010. What is the hundreds digit of g?
6
Let y be (-36)/(-54) + 292*(-10)/(-12). Suppose -4*i - 4 + y = 0. What is the tens digit of i?
6
Let q(y) = 2*y**3 - 7*y**2 - 5*y + 23. What is the units digit of q(7)?
1
Let f(w) = w**2 + 8*w + 7. Let j be f(-7). Let z be (j - -6)*(-8)/(-12). Suppose -z*c + 110 = -2*b, -85 = 3*c - 5*c - 5*b. What is the units digit of c?
0
Let s(z) = z**3 - 7*z**2 + 8*z - 1. Let y be s(6). Suppose 0 = -10*l + y*l - 7. Suppose -2*j - 205 = -l*j. What is the tens digit of j?
4
Suppose 3*c - 4*r + 160 = 0, 4*c + 152 = 5*r - 60. Let l be 76/(-6)*c/32. Let s = l - -10. What is the tens digit of s?
2
Let i(j) = -9*j - 9. Let k(f) = 9*f + 9. Let m(v) = -5*i(v) - 6*k(v). Let z be m(-7). What is the units digit of ((-5)/3)/((-15)/z)?
6
Suppose 0 = 4*p + a - 7208, 5*p - 5*a - 7424 = 1586. What is the hundreds digit of p?
8
Let c(d) = d**3 - 15*d**2 + 14*d + 9. Let f(h) = -h**3 + 6*h**2 - 3*h + 4. Let t be f(5). What is the units digit of c(t)?
9
Suppose -5*w + 126 = -159. Suppose 3*t - 4*a - 12 - 29 = 0, -w = -5*t + a. What is the tens digit of t?
1
Let r(f) = 2*f + 25. Let n be r(-11). Suppose -2*z + 230 = n*z. What is the tens digit of z?
4
Let c = 2058 - -229. What is the tens digit of c?
8
Let b(a) be the third derivative of -5*a**4/3 - 9*a**3 + 3*a**2 + 4. What is the hundreds digit of b(-9)?
3
Let u be ((-5)/4)/(-5)*4. Let k = u - -27. What is the tens digit of (6/4 - 1)*k?
1
Let m = 0 + 3. Let t be 3 + m/((-6)/68). What is the units digit of (1 - t) + (-7)/(-7)?
3
Suppose 56 = -0*g + 7*g. Suppose -336 = -11*a + g*a. What is the tens digit of a*2/(-3 + 7)?
5
Suppose 12 = c + 7. Let n(l) = 5*l**2 - 3*l - 12. Let f be n(c). Suppose -115 - 15 = -5*w + 5*k, f = 5*w + 3*k. What is the tens digit of w?
2
Let z be 4/16 - 14/(-8). Let v = 37 + 68. Suppose -7*x = -z*x - v. What is the tens digit of x?
2
Suppose 3*q - 5 - 1 = 0. Let o be ((-4)/(-8))/(-2 - 244/(-120)). Suppose r - o = q. What is the tens digit of r?
1
Suppose 0*j - 5*l = 3*j + 570, -963 = 5*j + 4*l. Let c = -79 - j. What is the hundreds digit of c?
1
Let c = -969 - -205. Let l(v) 